What is -6 + -1 + 9 + (-10 + 10 - 5)?
-3
Evaluate 5 + -11 + -17 + 11.
-12
What is the value of -7 + -21 + 40 - (-12 + 0)?
24
Calculate (-1 + -8 - (3 - 9)) + 6 + -9.
-6
-17 - (-10 - (-21 + 13) - (8 + -1))
-8
What is -6 + 5 + 14 + -18 - 0?
-5
What is (-15 - (0 - 7) - (2 + 10)) + 8?
-12
What is (14 - 2) + -2 + -307 + 302 - 0?
5
15 - (13 - 1 - (3 - -1))
7
Calculate 10 - -1 - ((21 - 43) + 30).
3
What is the value of 1 - (13 + -1 - 17)?
6
What is the value of (-2 - 6) + 1 - (78 - 86)?
1
Calculate 5 - (1 + 31 + (38 - (-3 - -29))).
-39
25 - (5 + -6 + 17 + -13)
22
What is the value of 8 - (-3 - -4) - 3 - 3?
1
What is the value of ((1 - -1) + 4 - 15) + 8?
-1
What is the value of -8 + 8 + 5 - 2 - -8?
11
What is the value of 258 - 273 - (4 + 1 + -1)?
-19
What is 13 + 1 + -50 + 32?
-4
What is the value of 12 + 36 + -50 - -1?
-1
What is -3 + -3 - (-5 + -8 + 7 + 3)?
-3
Evaluate -11 + -33 + -3 - -24.
-23
What is -5 - (1 + 0 + 17 + -9)?
-14
Calculate -17 - (-1 + (-1 - -10) + -17).
-8
-4 - (1 + -8 - -11)
-8
What is -32 - ((-34 - -52) + -31)?
-19
Calculate (0 + 3 + -6 - -1) + -8.
-10
Calculate 16 + -18 + (-9 - (-4 - 0)) + 33.
26
What is -5 + 15 + 9 + -6 + -6?
7
What is the value of 4 + 24 + 14 + -15 + 0?
27
10 + (5 - 0 - 11 - -2)
6
Calculate 20 + -4 - (29 + -14).
1
Evaluate -5 + (1 - 0) + 33 + 69 + -111.
-13
Evaluate 6 + -13 + (-9 - (2 + -8)).
-10
What is -10 + -5 + 11 - 2?
-6
What is the value of (1 - -4 - (-6 + (-7 - -24))) + 5?
-1
Evaluate (3 + -6 - 34) + 31.
-6
Evaluate -6 + 1 + 8 - (20 - 7).
-10
Calculate 4 - (-6 + 7 + (-2 - -1 - -7)).
-3
What is the value of -1 + -15 + (6 - -1)?
-9
Evaluate (-3 - -7) + -1 + 6 + (49 - 46).
12
Evaluate -9 - 9 - (-9 + -8) - 31.
-32
What is 5 - ((66 - 43) + (-3 - 8))?
-7
20 + -36 + 10 + (10 - 0)
4
-11 - -21 - -9 - 22
-3
What is the value of -24 + (-1 + 28 - -21)?
24
What is -832 - -858 - (4 + (-1 + 4 - 1))?
20
What is 0 - (5 + -1 + 1) - (10 - 11)?
-4
72 + -167 - -81 - (-1 + 0)
-13
Calculate (18 - 21 - 11) + 9.
-5
Evaluate -62 + 52 - (10 + 1).
-21
What is (-3 - (49 - 28)) + 25?
1
Calculate (-495 - -500) + (-13 + 2 - (0 + 0)).
-6
Evaluate (-25 - (22 + -17)) + 21.
-9
What is the value of (-1 - 4) + -7 + 12 + 1?
1
Evaluate 16 + (2 - (5 + 6)) - 30.
-23
(15 - (-13 + -22)) + -31
19
7 - (13 - 21) - 8 - -5
12
10 - 16 - (-11 - -9 - (1 + -5))
-8
What is 0 + 10 - (-44 - -46 - 8)?
16
(12 - -3) + -15 + 20 - (11 - 1)
10
What is the value of (29 - (19 + -5)) + -20?
-5
What is the value of (267 - 256 - (28 + 0)) + -4?
-21
Calculate -8 + -4 + -1 + 3 - 6.
-16
What is the value of -8 + -7 - (24 + (1 - 15))?
-25
What is the value of (-1 - -3 - 8) + (-20 - -36) + -14?
-4
-117 + 91 + (2 - (4 - 20))
-8
Calculate -3 + 1 + -12 - -12.
-2
What is the value of 7 - ((-21 - -2) + (10 - 4)) - 5?
15
Evaluate (6 - 14 - -3) + (42 - 16).
21
Evaluate (1 - -2) + -3 + 3 - 17.
-14
13 - 27 - -10 - -12
8
(-5 - (1 + -7 + 3)) + (22 - 24)
-4
Calculate (-155 - -156) + (3 - 3) + (-6 - 0).
-5
Evaluate -16 + -3 + (-3 - ((5 - 12) + 4)).
-19
Evaluate -246 + 219 - (-41 - -5).
9
What is the value of (3 + 1 - -5) + -8 + 19 - 2?
18
Calculate 15 + (-18 - -1 - (-12 - -6)) + 6.
10
What is 1 + -17 + -316 + 326?
-6
What is -2 + (3 - -4) + (0 - 4) - -2?
3
26 - -3 - (15 - (18 + -11))
21
What is the value of -12 + (29 - 28) + (-5 - -2 - -4)?
-10
What is the value of (3 - -2 - (22 - 18)) + -7?
-6
(995 - 983) + (3 - (1 + 0))
14
What is (-36 + 17 - 1) + (0 - -5)?
-15
(-1 - -2 - (26 - 25)) + 2
2
Evaluate -15 + (-50 - -24) + 26.
-15
What is 21 + (2 + 1 - (7 + 1 - 1))?
17
Calculate -31 + (65 + -7 - 9).
18
What is -2 + -1 + 3 + (35 - 29)?
6
Calculate (16 - -3) + (-82 - -47).
-16
Calculate (-126 + 131 - (7 - 0)) + -9.
-11
What is 1 + (1 - -3) + (-3 - -4 - 15)?
-9
Calculate 6 + (3 - 0) - (-3 - (-20 - 27)).
-35
Evaluate 7 + (7 - (-8 + (2 - -2) + 29)).
-11
What is the value of 2 - -23 - -10 - ((-3 - -5) + 3)?
30
9 - -1 - (7 - -2) - 3
-2
Evaluate 3 + -13 - -8 - 13 - (-11 - -16).
-20
0 - (-17 + 12 + (14 - -26))
-35
-10 - (-4 + (-38 - -16))
16
What is the value of (0 - (5 + -10)) + (3 - (9 + -4))?
3
Calculate -2 + (2 + 6 - (-16 - 10)).
32
Evaluate -1 - 1 - (-5 + (3 - (4 + -2))).
2
Calculate 2 - 1 - -5 - (-358 - -356).
8
Evaluate 6 + 17 + (-67 - -70).
26
What is the value of 16 + (13 - 12 - 30)?
-13
What is 4 + -13 + (3 - 2) + 3 + -2?
-7
What is -13 - (0 - (8 + -11 + -11))?
-27
What is the value of 10 + 8 + -13 - (29 - 6)?
-18
Calculate 22 + 3 + (-9 - 4).
12
-17 - (10 + (-11 - -17))
-33
What is the value of 0 + -9 + (49 - 48) - 7?
-15
-6 - -10 - (-8 + 8 + 15)
-11
What is the value of (111 + -57 - 46) + 1 + 4?
13
27 + -9 + -1 + -8
9
Calculate -21 - (-6 - (-10 - -14)).
-11
What is the value of -2 + 15 + -42 + 18?
-11
Evaluate 12 + (-1 - 1 - (-9 + -5 + 10)).
14
What is (21 - 26) + (0 - -1 - 8)?
-12
Evaluate 10 + (1 - 15 - (-63 + 66)).
-7
What is 16 + -13 + 0 + 1?
4
Calculate (5 + (-16 - -9) - -33) + -6.
25
What is the value of -27 + 21 - -7 - (2 + -11)?
10
Evaluate (-8 + 8 - (-6 - 4)) + -6.
4
What is the value of 46 - (-30 - (-16 - 25))?
35
What is (4 - -7) + 3 - (3 - (-1 + 0))?
10
What is the value of 13 + -1 + 27 + -42 + 22?
19
12 + (13 - 7 - 12)
6
What is the value of -1 - -1 - ((8 - (3 + -5)) + -8)?
-2
Evaluate (9 - (13 + -4) - -2) + 19.
21
What is the value of -2 + (-2 - 3 - -7) + 8?
8
Calculate -3 + -4 + -10 + (15 - 9).
-11
Evaluate 0 + -5 - (78 - 85) - (0 + 0).
2
(17 + -4 + -7 - -2) + 2 + 3
13
What is the value of (3 - -2) + (0 - -6) + (24 - 30)?
5
Evaluate -9 + -8 + -2 + -3 - (-2 + -1).
-19
Calculate (-18 - -38) + (7 - 6) + 1.
22
1 - 10 - ((-2 - -14) + -17)
-4
Calculate (-6 - 15 - -7) + 30 + (2 - 1).
17
Calculate 4 + (6 - -4 - 19).
-5
What is the value of ((9 - 7) + -3 - -2) + (-21 - -4)?
-16
What is the value of 5 + -9 - (0 + 5 + -21 + 20)?
-8
Calculate 48 + -56 - (0 - (0 - 3)).
-11
What is the value of 6 + 3 + -6 + 1 - (0 + 7)?
-3
Calculate -9 + 3 + -6 + -2 + -2 - 3.
-19
Evaluate (-4 - -9 - 18) + 20 + -45.
-38
-5 + 1 + (8 - 1) + -17
-14
Evaluate 3 + (-6 - (-7 - -2)).
2
Calculate -3 + (8 - 5 - (0 + (-4 - -7))).
-3
What is the value of (3 - 5) + -5 + 16 + -48 + 12?
-27
20 - 13 - (-57 + 84)
-20
What is the value of (-1 + 8 - (13 - 14)) + 8 - -4?
20
What is the value of 15 + 5 - (-15 - -36) - (-1 + -25)?
25
-13 - -10 - (4 - (0 - (0 - 1)))
-6
What is the value of 10 - (30 + -14 - (-10 + 0 + 22))?
6
What is 176 + -189 - (-3 + -10 + 4)?
-4
Calculate 1 + -25 + 763 + -737.
2
Calculate -10 - (-6 + 11 - 2 - -2).
-15
Calculate 4 - (-15 + 3 + 5).
11
Evaluate -10 + 2 - (2 - (-29 + 24)).
-15
Calculate 25 + ((15 - 0) + -13 - (0 + 4)).
23
-2 - -2 - (40 - 22 - 22)
4
What is the value of 2 - ((-15 - -8 - -23) + -8)?
-6
Evaluate -11 - 8 - -15 - (-5 + (-1 - -2)).
0
What is the value of (-1 - -5) + (0 - 5) + 3 + -5?
-3
Evaluate -2 - (-2 - 3) - (4 - -3).
-4
14 - 2 - (18 - (-22 - -39))
11
What is the value of -3 - (-9 + 19 + 0)?
-13
What is -17 + (7 + -4 + 4 - (11 - 10))?
-11
Calculate -8 + (4 - (-25 - -8)).
13
Calculate 13 + (-28 - 1) + 11.
-5
What is the value of (2 - 4) + 15 + -18?
-5
Calculate 11 - ((6 - -28) + -6).
-17
Calculate -23 - (1 - -16 - (-398 + 423)).
-15
What is the value of (427 - 424) + 0 + -3?
0
Evaluate -18 + -6 + -13 + 30.
-7
What is (-53 + 50 - (1 + -1)) + (-5 - -3)?
-5
What is -14 - (-31 - (-27 - -15)) - 9?
-4
Evaluate -1 + 27 - (89 + -69).
6
Calculate 15 - ((-3 - -21) + -19).
16
8 + -4 + 1 + 4 + -1 + 4
12
Calculate (2 - 24) + (266 - 233).
11
-4 - -26 - (-20 + 49)
-7
(6 - -4) + -20 + 3
-7
9 - (18 + -15 - -10)
-4
What is -5 + (22 - (9 - -3))?
5
Calculate 9 - (-12 + 14 + -7 - -5).
9
Calculate 8 - (10 + 14 - (-3 - -6)).
-13
What is the value of (5 - (11 + 1)) + (13 - (4 - 8))?
10
Evaluate 3 - 3 - (12 + (-6 - 11)).
5
What is the value of -43 + 40 - (-1 + -15)?
13
Evaluate 12 + -7 + -3 + 3 + -11.
-6
What is -14 + -2 - (12 - -2 - 25)?
-5
(5 - 0) + 31 + -29 + (-16 - -6)
-3
Evaluate (-35 - -29) + 2 - -26.
22
Evaluate (-18 - -10 - (-4 + 4 - 16)) + 7.
15
Evaluate -4 - (20 - 1 - (-87 + 100)).
-10
What is (-72 - -71) + 1 + 3 + -1 + -2?
0
What is 11 + 5 + -15 + 3 - (-1 + 27)?
-22
What is the value of -10 + (-17 + 3 - (15 - 21))?
-18
What is the value of -10 + (1 - (0 + -14))?
5
What is (1 - (1 + 4 - 11 - -6)) + -11?
-10
Evaluate (4 - -17) + -10 + (3 - 13).
1
Evaluate -25 - (-24 - (13 - 16)).
-4
What is 15 